ctor of 2771?
True
Is 1452 a multiple of 89?
False
Is 4263 a multiple of 49?
True
Is 27 a factor of 1017?
False
Is 5 a factor of 199?
False
Is 126 a multiple of 5?
False
Is 44 a factor of 2516?
False
Is 12 a factor of 720?
True
Is 56 a factor of 8736?
True
Is 1598 a multiple of 19?
False
Is 570 a multiple of 19?
True
Is 5 a factor of 149?
False
Does 29 divide 50895?
True
Does 12 divide 672?
True
Does 10 divide 49770?
True
Does 13 divide 565?
False
Is 5120 a multiple of 4?
True
Is 20 a factor of 460?
True
Is 6622 a multiple of 22?
True
Is 2698 a multiple of 20?
False
Is 30505 a multiple of 172?
False
Is 55 a factor of 5042?
False
Does 8 divide 350?
False
Does 16 divide 1808?
True
Does 6 divide 12937?
False
Is 672 a multiple of 10?
False
Is 119 a factor of 2913?
False
Is 272 a multiple of 68?
True
Does 14 divide 328?
False
Is 75 a factor of 120?
False
Does 26 divide 279?
False
Is 36621 a multiple of 11?
False
Is 26 a factor of 11298?
False
Does 24 divide 483?
False
Is 14 a factor of 6298?
False
Is 23610 a multiple of 15?
True
Is 14427 a multiple of 9?
True
Does 15 divide 18060?
True
Is 15552 a multiple of 48?
True
Is 106 a factor of 5830?
True
Does 44 divide 50883?
False
Is 62 a factor of 2470?
False
Is 1251 a multiple of 55?
False
Does 7 divide 4293?
False
Is 37 a factor of 29341?
True
Does 10 divide 24790?
True
Does 9 divide 11763?
True
Is 10169 a multiple of 203?
False
Is 3227 a multiple of 7?
True
Does 13 divide 2236?
True
Is 16 a factor of 944?
True
Does 3 divide 7409?
False
Does 34 divide 1734?
True
Is 15 a factor of 60?
True
Is 1300 a multiple of 12?
False
Is 39 a factor of 10179?
True
Is 82 a factor of 3936?
True
Does 151 divide 6463?
False
Is 48 a factor of 1111?
False
Is 605 a multiple of 5?
True
Is 23 a factor of 1978?
True
Is 14395 a multiple of 198?
False
Does 32 divide 4960?
True
Is 6986 a multiple of 15?
False
Is 16 a factor of 2416?
True
Does 23 divide 1242?
True
Does 97 divide 5335?
True
Is 281 a factor of 4150?
False
Is 50 a factor of 10671?
False
Is 134 a factor of 18358?
True
Is 9176 a multiple of 37?
True
Is 29 a factor of 1318?
False
Does 38 divide 3956?
False
Does 2 divide 565?
False
Is 552 a multiple of 24?
True
Is 11 a factor of 6422?
False
Is 11 a factor of 20906?
False
Does 5 divide 42278?
False
Is 17 a factor of 765?
True
Is 15 a factor of 1110?
True
Is 121 a multiple of 3?
False
Is 21 a factor of 3339?
True
Is 4 a factor of 3192?
True
Does 20 divide 480?
True
Is 35 a factor of 3012?
False
Does 18 divide 27102?
False
Is 2411 a multiple of 15?
False
Is 223 a factor of 4070?
False
Is 11985 a multiple of 51?
True
Is 60 a factor of 1620?
True
Is 91 even?
False
Is 3399 a multiple of 29?
False
Is 42 a factor of 1249?
False
Is 2 a factor of 8090?
True
Is 15 a factor of 6489?
False
Is 832 a multiple of 52?
True
Is 18 a factor of 612?
True
Is 6 a factor of 2592?
True
Is 2489 a multiple of 7?
False
Is 33074 a multiple of 46?
True
Does 30 divide 5597?
False
Is 1665 a multiple of 9?
True
Is 68 a factor of 1156?
True
Is 8 a factor of 2572?
False
Does 52 divide 4160?
True
Is 9042 a multiple of 137?
True
Does 11 divide 6215?
True
Is 453 a multiple of 10?
False
Does 9 divide 29905?
False
Is 305 a multiple of 3?
False
Is 12 a factor of 15348?
True
Is 18512 a multiple of 16?
True
Does 13 divide 45552?
True
Does 20 divide 2500?
True
Is 2706 a multiple of 31?
False
Is 12520 a multiple of 8?
True
Is 9 a factor of 800?
False
Does 2 divide 916?
True
Is 329 a multiple of 7?
True
Does 9 divide 123715?
False
Is 21565 a multiple of 18?
False
Is 17 a factor of 6259?
False
Is 1752 a multiple of 4?
True
Is 27 a factor of 591?
False
Is 25 a factor of 2250?
True
Does 2 divide 2307?
False
Is 1171 a multiple of 69?
False
Is 5265 a multiple of 15?
True
Does 101 divide 808?
True
Is 2247 a multiple of 29?
False
Is 49 a factor of 7938?
True
Does 21 divide 462?
True
Does 156 divide 22338?
False
Is 59328 a multiple of 18?
True
Does 61 divide 10225?
False
Does 26 divide 258?
False
Is 33465 a multiple of 69?
True
Is 17 a factor of 621?
False
Is 171 a multiple of 19?
True
Does 72 divide 109609?
False
Does 41 divide 1640?
True
Does 20 divide 1640?
True
Is 7 a factor of 532?
True
Does 160 divide 3607?
False
Is 8 a factor of 232?
True
Does 67 divide 82?
False
Does 103 divide 17244?
False
Is 110 a multiple of 17?
False
Is 1581 a multiple of 93?
True
Does 8 divide 581?
False
Is 30 a factor of 47730?
True
Does 15 divide 10485?
True
Does 15 divide 1059?
False
Is 4883 a multiple of 19?
True
Is 28 a factor of 532?
True
Does 60 divide 2040?
True
Is 11 a factor of 192?
False
Is 21 a factor of 1659?
True
Is 8 a factor of 16?
True
Is 5454 a multiple of 101?
True
Does 63 divide 25117?
False
Is 1062 a multiple of 9?
True
Does 22 divide 3498?
True
Does 28 divide 560?
True
Does 9 divide 2062?
False
Does 9 divide 4644?
True
Is 1404 a multiple of 26?
True
Is 2933 a multiple of 55?
False
Is 16 a factor of 10797?
False
Does 36 divide 2459?
False
Does 11 divide 2222?
True
Is 126 a multiple of 21?
True
Does 124 divide 14508?
True
Is 108 a factor of 7344?
True
Is 11 a factor of 328?
False
Does 21 divide 25040?
False
Does 21 divide 482?
False
Is 194 a multiple of 9?
False
Is 697 a multiple of 10?
False
Is 306 a multiple of 9?
True
Is 25 a factor of 12450?
True
Is 98 a factor of 3622?
False
Does 6 divide 422?
False
Does 3 divide 3336?
True
Is 567 a multiple of 63?
True
Is 33891 a multiple of 143?
True
Does 15 divide 2850?
True
Is 33 a factor of 1980?
True
Is 2592 a multiple of 84?
False
Does 16 divide 2578?
False
Does 87 divide 1566?
True
Is 6446 a multiple of 11?
True
Does 26 divide 698?
False
Is 540 a multiple of 30?
True
Does 16 divide 3664?
True
Is 7 a factor of 3147?
False
Is 54 a factor of 3818?
False
Is 11 a factor of 222?
False
Is 16440 a multiple of 27?
False
Does 16 divide 352?
True
Is 5 a factor of 615?
True
Is 38027 a multiple of 339?
False
Is 66 a factor of 966?
False
Does 3 divide 33793?
False
Is 65 a factor of 3827?
False
Is 42600 a multiple of 120?
True
Is 13 a factor of 13624?
True
Is 11 a factor of 262?
False
Is 1594 a multiple of 18?
False
Does 15 divide 5520?
True
Is 232 a factor of 100688?
True
Is 26 a factor of 1222?
True
Does 20 divide 120?
True
Is 29741 a multiple of 158?
False
Is 33660 a multiple of 44?
True
Is 848 a multiple of 16?
True
Is 733 a multiple of 20?
False
Does 30 divide 50430?
True
Does 2 divide 175?
False
Is 1279 a multiple of 10?
False
Is 38 a factor of 5612?
False
Is 158 a factor of 18328?
True
Is 250 a factor of 60500?
True
Is 86 a multiple of 21?
False
Is 3 a factor of 105?
True
Is 18 a factor of 1134?
True
Is 45 a factor of 41368?
False
Does 28 divide 3148?
False
Does 13 divide 22412?
True
Does 16 divide 7056?
True
Is 3 a factor of 14026?
False
Does 74 divide 814?
True
Is 53 a factor of 338?
False
Is 6 a factor of 4938?
True
Is 52 a multiple of 26?
True
Is 709 a multiple of 37?
False
Is 26865 a multiple of 15?
True
Does 2 divide 323?
False
Is 36 a factor of 7236?
True
Does 34 divide 34778?
False
Does 89 divide 2937?
True
Does 60 divide 1260?
True
Is 5154 a multiple of 82?
False
Is 68 a factor of 9656?
True
Does 524 divide 186544?
True
Does 32 divide 203?
False
Is 14 a factor of 3630?
False
Does 16 divide 7865?
False
Is 1848 a multiple of 14?
True
Is 3 a factor of 184?
False
Is 49 a factor of 2540?
False
Is 480 a multiple of 15?
True
Is 9 a factor of 2803?
False
Does 11 divide 1314?
False
Is 9056 a multiple of 32?
True
Does 28 divide 3344?
False
Does 48 divide 9489?
False
Does 20 divide 3200?
True
Is 911 a multiple of 6?
False
Is 10 a factor of 1020?
True
Is 4181 a multiple of 5?
False
Is 20 even?
True
Is 2438 a multiple of 53?
True
Is 3306 a multiple of 58?
True
Does 27 divide 1431?
True
Is 9006 a multiple of 14?
False
Is 300 a multiple of 12?
True
Is 56 a factor of 280?
True
Does 8 divide 964?
False
Is 8840 a multiple of 170?
True
Is 3209 a multiple of 3?
False
Does 15 divide 454?
False
Is 170 a multiple of 85?
True
Does 105 divide 63219?
False
Does 163 divide 19834?
False
Is 13 a factor of 3223?
False
Is 485 a multiple of 10?
False
Does 112 divide 11424?
True
Is 121 a multiple of 37?
False
Is 16 a factor of 10284?
False
Does 44 divide 3781?
False
Is 140 a factor of 1214?
False
Does 3 divide 988?
False
Does 103 divide 1661?
False
Is 3 a